ided by 2*1/(4/o).
1
Suppose 2*s + 5*o - 93 = -s, 4*o = 0. What is the remainder when s is divided by 19?
12
Suppose 0 = 4*y - 11 - 25. What is the remainder when 17 is divided by y?
8
Suppose 7*v - 10*v = -30. Calculate the remainder when 17 is divided by v.
7
Let u be ((-2)/3)/((-4)/(-24)). Calculate the remainder when -53*(u/1 + 3) is divided by 18.
17
Suppose 4*v = 5*d - 100, v + 4 = -1. Calculate the remainder when 31 is divided by d.
15
Let r = 95 - 79. Calculate the remainder when 42 is divided by r.
10
Suppose 0 = d - 1 - 8. What is the remainder when d is divided by 4?
1
Suppose 2*k + 3*o = -4, o - 2*o = k. Suppose 4 + k = m. What is the remainder when 1*((-15)/1)/(17 + -18) is divided by m?
7
Let w(d) be the first derivative of 2*d**2 - 5*d + 4. Let p(n) = -5*n + 6. Let s(j) = -5*p(j) - 6*w(j). What is the remainder when s(3) is divided by 1?
0
Let w = 184 - 129. Suppose -v - 308 = -12*v. Calculate the remainder when w is divided by v.
27
Let p = -10 + 17. Suppose c - p = n, 4*c - 3*c = 3*n - 1. What is the remainder when c is divided by (-34)/(-10) - (-2)/(-5)?
2
Let u = -11 - -20. Let o(j) = 2 - 4 + 4 - 2*j + 7*j. Calculate the remainder when o(3) is divided by u.
8
Let d(x) = -x**2 + 5*x + 7. Let v be d(6). Let q = v - -1. What is the remainder when 2 is divided by q?
0
Let f(x) = -45 - x**2 + 3 + 0*x**2. Let y be f(0). Let m = y + 61. What is the remainder when 36 is divided by m?
17
Let x = 1240 - 841. What is the remainder when x is divided by 50?
49
Let g be 4 + (-2 - -4)/(-2). Let c(n) = -4*n + 5*n + 8*n**g + 13*n**3. Calculate the remainder when c(1) is divided by 8.
6
Let f(i) = 2*i - 5. Let y be f(6). Suppose 2*r - y*r + p = -61, -3*p + 12 = 0. What is the remainder when 1376/36 + (-8)/36 is divided by r?
12
Let c = 25 + -17. Let o(y) = -y + 25. Calculate the remainder when c is divided by o(22).
2
Let n(i) = -5*i - 1. Let t(u) = -29*u - 25. Let o(a) = -7*a - 6. Let z(b) = -26*o(b) + 6*t(b). What is the remainder when z(5) is divided by n(-5)?
22
Let h be 2 - (-9)/(27/120). Suppose 5*n - 86 = -5*d - 16, 0 = 3*d + 2*n - h. Calculate the remainder when 2/5 + (-406)/(-10) is divided by d.
13
Let q(j) = -j**2 - 11*j - 12. What is the remainder when 64 is divided by q(-6)?
10
Suppose -55*o = -60*o + 290. What is the remainder when o is divided by 10?
8
Suppose p + 2*p = 9. Let c be 2 - (2 - (-1 + p)). Suppose -c*b + 24 = -0. What is the remainder when 22 is divided by b?
10
Let b(p) = -p - 6. Let x be b(0). Let m = 8 + x. Suppose 67 + 37 = m*o. Calculate the remainder when o is divided by 18.
16
Let c(z) = -8*z - 13. Let a be c(-11). Suppose 6*l - 3*l - a = 0. What is the remainder when l is divided by 7?
4
Let c(a) = -a**2 + 6*a - 4. Let r be c(4). Suppose 4*u - r*i - 14 = 18, 7 = u - 2*i. What is the remainder when 17 is divided by u?
8
Let i = 21 - 16. Suppose y - s - 2 = 8, -y - i*s + 22 = 0. Calculate the remainder when 44 is divided by y.
8
Suppose -3*u = -129 - 135. Calculate the remainder when u is divided by 13.
10
Suppose 4*a - 23 = -3. Suppose 5*b - w = 3*w + 35, -5*w - 10 = a*b. Let v(d) = 2*d**2 - 2*d + 1. Calculate the remainder when 24 is divided by v(b).
11
Suppose -10*i + 6 = -8*i. Let w = -4 + 9. Calculate the remainder when w is divided by i.
2
Suppose -f - 260 = -3*f - 3*g, -4*f = 3*g - 514. What is the remainder when f is divided by 43?
41
Calculate the remainder when -205*((-18)/15)/3 is divided by 17.
14
Suppose f - 2*f - 4*g + 15 = 0, -g = -f. Suppose -11 = -x + 2*c, 4*x - 59 = 5*c - 21. What is the remainder when x is divided by f?
1
Suppose -5*s = 5 - 15. Suppose -5*o + 3*z - 3 + 23 = 0, 3*z - 12 = -3*o. What is the remainder when o is divided by s?
0
Let u = 2 + -2. Suppose 2*x = -3*x + 25. Suppose u*o - x*o + 10 = 0. What is the remainder when 2 is divided by o?
0
Let l(v) = -v + 1. Let p be l(5). Let b(z) = -2*z + 2. What is the remainder when 57/2 + (-1)/2 is divided by b(p)?
8
Suppose -2*z + 17 + 23 = 0. Suppose -z = -3*q - 2*q. What is the remainder when q is divided by 3?
1
Let h(a) = 10*a - 4. Let x(l) = 2*l - 2. Calculate the remainder when h(5) is divided by x(7).
10
Let y(s) = 8*s - 2. Calculate the remainder when 10 is divided by y(1).
4
Suppose 48 = -5*o + 7*o. Suppose -4*r + 3*f - 15 = -61, 5*r - 73 = -4*f. What is the remainder when o is divided by r?
11
Let x(k) = -k**2 - 8*k - 5. Let w be x(-6). Let p = w - -3. Suppose -z + 29 = -0*z. What is the remainder when z is divided by p?
9
Suppose -8 + 20 = 4*s. Suppose 0 = -4*v + 37 + s. Suppose -4*x = 3*h - 21, -x - 7*h = -2*h - 1. Calculate the remainder when v is divided by x.
4
Suppose -5*s - 2*b + 7*b = -290, 255 = 5*s + 2*b. Calculate the remainder when s is divided by 14.
11
Let v(z) = -z**2 - z + 4. Calculate the remainder when (-31088)/(-1742) - (0 + 2/(-13)) is divided by v(0).
2
Suppose d + d - 6 = 0. Suppose 0 = -d*p - 3, 0 = 5*i - 4*i - 2*p - 25. Calculate the remainder when i is divided by 8.
7
Let n(z) be the second derivative of z**5/20 + z**4/6 - z**3/2 + 3*z**2/2 + z. Let c = -20 + 17. Calculate the remainder when 3 is divided by n(c).
0
Let u be 2/1 - (-35 - 0). Let q = 59 - u. Calculate the remainder when 43 is divided by q.
21
Suppose 10*i = 8*i + 8. Suppose -45 = -3*z + 3*v, i*v = 2*z - 0*v - 36. What is the remainder when 59 is divided by z?
11
Suppose 96 = 4*f - 56. Calculate the remainder when 150 is divided by f.
36
Suppose -15 = -2*w + 5. What is the remainder when 28 is divided by w?
8
Let b = 9 - 5. What is the remainder when ((-27)/(-12))/((-2)/(48/(-9))) is divided by b?
2
Suppose 5*y - 164 - 31 = -3*b, -39 = -y - 4*b. Suppose -q = 4*u - y, 46 = 5*u + 2*q + 2*q. What is the remainder when 39 is divided by u?
9
Suppose -3*u - 5 = 1. Calculate the remainder when 21 is divided by u/(-8) - (-172)/16.
10
Suppose -2*n = -0*k - k - 33, 5*n - 5*k - 80 = 0. Calculate the remainder when (1 - 41)*8/(-10) is divided by n.
15
Let z be 10*(28/8 - 3). Suppose r - 5*n = -15 + 59, -r - 4*n = 1. Calculate the remainder when r is divided by -2*z*(-2 + 1).
9
Let z = 133 + -120. What is the remainder when 74/8*(3 + 1) is divided by z?
11
Suppose -4*z + 4 = -4. Let l(u) = u - 9. Let v be l(12). Let w = v - -2. Calculate the remainder when w is divided by z.
1
Let h = 36 - 11. Calculate the remainder when (-1760)/(-18) + 12/54 is divided by h.
23
Let m = 26 + -29. What is the remainder when 18 is divided by (2/m)/(6/(-99))?
7
Suppose -o + 2*k + 39 = 7*k, -o - 2*k = -33. Suppose 30 = z + z. What is the remainder when o is divided by z?
14
Suppose 8 = z - 4*v - 39, 4*v = -z + 7. Calculate the remainder when 54 is divided by z.
0
Let q = -5 - -8. Suppose 3*n = -q*g + 33, -n - 3*n - g = -41. What is the remainder when 39 is divided by n?
9
Let u be 35/(-5) - (-1 + 2). Let t = -3 - u. Calculate the remainder when t is divided by 2.
1
Suppose 0 = -2*r + 2*n + 48, -4*r + 5*r = 5*n + 28. What is the remainder when r is divided by 8?
7
Let c be (2 + -1 - 2)*-9. Suppose 6*k - 65 = k. Suppose 4*z - k = -5*b, -b - 3*b + c = 3*z. What is the remainder when z is divided by 3?
1
Suppose -4*a + 12 = -a. Suppose -a*h + 65 = h. Calculate the remainder when 38 is divided by h.
12
Let o(c) = -5 - 11*c + 10 + c**2 + 9*c. Let w = 22 - 4. What is the remainder when o(8) is divided by w?
17
Suppose 124 = 5*z + 2*y, -2*y - 1 = 5. Let u(s) = -s**2 - 8*s + 2. Let d be u(-5). Let n = d - 8. What is the remainder when z is divided by n?
8
Let i be 5 + (-1 - 1)/2. Suppose -5*m + 78 = 4*s, m - i*s = 3*m - 36. Let u = 24 - -17. What is the remainder when u is divided by m?
13
Suppose 0 = -4*j - m - 20, -30 + 5 = 5*j - 3*m. Let o = j + 8. Suppose 7*n - 16 = o*n. What is the remainder when n is divided by 2?
0
Suppose k = 2*y + 18, 4*y - 8*y = 3*k - 14. Suppose b = 2*b + 4*c - k, b + 3*c = 11. Let x = 0 - -5. Calculate the remainder when b is divided by x.
4
Let o(t) = -4*t - 1. Let q = 351 - 283. Calculate the remainder when q is divided by o(-6).
22
Suppose -2*z = -z + 73. Let g = z - -106. Let c = g + 0. Calculate the remainder when c is divided by 9.
6
Calculate the remainder when 36 is divided by (6/18)/(1/39).
10
Let n = -14 + 10. Let j(y) = -2*y + 4. Calculate the remainder when j(n) is divided by 7.
5
Let w(m) = 2*m**3 - 4*m**2 - 5*m - 1. What is the rema